t of m?
9
Suppose -146 - 364 = 5*n. Let b = n - -149. What is the units digit of b?
7
Suppose 0 = 5*y + 2*l - 204, 206 = -y + 6*y + 3*l. What is the units digit of y?
0
Suppose 0*b + b = 0, 2*b - 12 = x. Let w = 1 - 1. Let i = w - x. What is the units digit of i?
2
Suppose -m - 3*m - 184 = 0. Let y = m - -78. What is the units digit of y?
2
Let l be (-2)/(-10) - (-11)/(-5). Suppose -2*n = 2*n - 3*j - 39, -5*j - 25 = 0. What is the units digit of n/(l + 0) + 15?
2
What is the hundreds digit of (1305/(-18))/(5/(-2) - -2)?
1
Let w = 38 - 27. Let o(d) = w - 1 + 4 + d**2 - 11*d. What is the units digit of o(11)?
4
Suppose 5*f + 40 = v, f = -f - 4. Let k = -84 - -86. Suppose -k*a = -4*a + v. What is the tens digit of a?
1
Let r be 1/(-2)*(2 + -2). Suppose 3*c - 5*k = -6 - r, -k - 12 = -5*c. What is the units digit of c?
3
Suppose -4*n + 7 + 1 = 0. What is the units digit of n?
2
Suppose 0*u - 5*u + 5 = 0. What is the units digit of -3*(-1)/u - -4?
7
Let r = 0 + 87. What is the tens digit of r?
8
Let p = -2 + 2. Suppose 4*o + 0*o - 8 = p. Let t = o - -4. What is the units digit of t?
6
Suppose -3*o - 21 = -3*d, d = -3*d - 2*o + 58. Let b = 17 - d. What is the units digit of b?
5
Let r(b) = -b**3 - b**2 - 6*b + 3. Let w(n) = -n - 1. Let u(f) = -r(f) + 5*w(f). Let c be u(0). Let o = c - -15. What is the units digit of o?
7
What is the tens digit of (2 + (-20)/8)*-54?
2
Let f = 2 + -8. Let g(l) = -l**3 - l - 3. Let o be g(0). What is the units digit of (f/2)/(o/2)?
2
Suppose 5*k = 72 - 7. What is the units digit of k?
3
Let w = 825 + -503. What is the hundreds digit of w?
3
Suppose 46*x - 47*x = -279. What is the hundreds digit of x?
2
Let v = -176 + 246. What is the tens digit of v?
7
Let r = 2 - -2. Suppose r*g - 3*d + 4 = 49, -4*g - 3*d = -51. What is the units digit of g?
2
Let z(p) = -p + 1. Let f be z(-1). Suppose 4*i = -f*a + 11 + 1, 0 = 2*a - 2*i + 12. What is the units digit of (0 + (a - -1))*-6?
6
Let s = -41 - -89. Suppose -5*z = -2*z - s. What is the tens digit of z?
1
Let x = -15 + 11. Let q be (-10)/x + (-3)/(-6). What is the units digit of q*1 - (3 + -2)?
2
Let o(h) = -h**3 - 10*h**2 - 24*h + 19. What is the hundreds digit of o(-9)?
1
Suppose -d - 3*h = 7, h + h + 8 = 0. Let l = 3 + d. Suppose p + l = 3*p. What is the units digit of p?
4
What is the tens digit of (-8)/12*3 - 1*-93?
9
Let b(m) = m**3 + 26. Let r = 1 + -1. What is the tens digit of b(r)?
2
Suppose 0 = 3*o + 4*n - 395, -4*n - 49 - 181 = -2*o. What is the units digit of o?
5
Let n = -8 + 3. Let i = n + 13. What is the units digit of i?
8
Suppose -3*y = 5*k - 2*k - 12, -4*y = -k - 16. Suppose 0*x + 5*x - 65 = k. What is the tens digit of x?
1
Let x = -25 + 2. Let g = x - -49. What is the tens digit of g?
2
Let h = 14 + 2. Suppose h*s - 145 = 11*s. What is the units digit of s?
9
Let t be (1 + 3)*(3 - 2). Suppose 0 = -d + t*c + 5, 2*d + 1 = -2*c + 11. Suppose 4*g - 43 = -3*b, 2*g + d*b + 54 = 5*g. What is the units digit of g?
3
Let s = 105 + -36. What is the units digit of s?
9
Suppose 111 = -f - 2*f. Let n = f - -61. What is the units digit of n?
4
Let q = 589 + -340. What is the tens digit of q?
4
Let m(p) = -2*p**2 + 3*p**2 - 3*p + 1 + 5*p. What is the units digit of m(-2)?
1
Let q(m) = -3*m + 4. Let j be q(-8). Let p = 16 - j. What is the units digit of 12/42 - p/7?
2
Suppose 0*v - 4*v + 30 = -3*s, -3*v = 0. Let z be 4/s + (-22)/(-5). Suppose 4*h - 24 = 4*q, -2*h + 18 = -0*h - z*q. What is the units digit of h?
3
What is the tens digit of (-300)/6*1/(-2)?
2
Let b(j) = j - 5. Let t be b(5). What is the tens digit of (t - -1)*(2 + 9)?
1
Let q be 2 + (-1 - -53) - -2. Let i = q + -14. Suppose 4*v - i = v. What is the units digit of v?
4
Let i = -1 + 3. Suppose q + i*d = 8 + 13, 0 = 3*q + 5*d - 60. What is the units digit of q?
5
Let z(c) = -c**2 + 7*c - 10. Let u be z(7). Suppose i + 8 = -2*h, 2*i + 0*h = -5*h - 17. Let s = i - u. What is the units digit of s?
4
Suppose -5*o = c - 0*o - 14, 2*o - 20 = -4*c. Let s(k) = -k + 9. Let p be s(c). Suppose 2*y - 4*y = 3*w - 51, 2*w + p*y = 23. What is the tens digit of w?
1
Let g(b) = 20*b**2 + 2*b + 1. Suppose 0 = -4*r + y - 9, -7 - 17 = 4*r - 4*y. What is the tens digit of g(r)?
1
Suppose 2*f = 3*f. Let z = 12 + -3. Let y = f + z. What is the units digit of y?
9
Let n be 2 - 1 - (0 + -19). Suppose x = -3*x + n. Let a(h) = -h**2 + 7*h - 3. What is the units digit of a(x)?
7
Let p(b) = 3*b**3 + 5*b**2 - b + 3. Let v(l) = -5*l**3 - 10*l**2 + l - 7. Let g(i) = 7*p(i) + 4*v(i). What is the tens digit of g(6)?
1
What is the units digit of (-760)/(-15) + 4/(-6)?
0
Let i(h) = 2*h**2 + 5*h + 6. Let p be i(-3). Let n(y) = 9*y - 7. Let d(w) = 4*w - 3. Let x(a) = 7*d(a) - 3*n(a). What is the units digit of x(p)?
9
What is the tens digit of 1/8 + 1720/64?
2
Suppose 7*g = 5*g + 40. What is the tens digit of (g/3)/((-12)/(-54))?
3
Suppose 21*r = 16*r + 445. What is the units digit of r?
9
Let y(v) = 2*v**2 - 3*v - 2. Let b be y(-2). Suppose 10 + b = -2*q. Let a = q - -18. What is the units digit of a?
7
Let c(z) = -z + 14. Let r be c(10). What is the units digit of 1/(r/(-12))*-3?
9
Suppose k - 5*m = 45 + 30, -4*k - 4*m = -252. What is the units digit of (-2)/13 - (-2610)/k?
0
Suppose -x - 12 = 4*n, -x = 4*n - 4*x + 28. What is the units digit of (32 + 1)*n/(-12)?
1
Let u(o) = 2*o**2 + 24*o + 5. What is the hundreds digit of u(-16)?
1
Suppose 3*r + 805 = 4*y, 0 = y + 4*y + 4*r - 983. What is the tens digit of y?
9
Let j(q) = q**3 - 4*q**2 + 3. What is the units digit of j(5)?
8
Let x(w) = -w + 36. What is the tens digit of x(18)?
1
Let g be -58 - -5 - 4/1. Let i = g - -94. What is the tens digit of i?
3
Let l(c) = -c**3 - 5*c**2 - c. Let m be l(-5). Suppose m*k = k - 56. What is the tens digit of 4/k - (-228)/14?
1
Let q = 3 + -1. Suppose -i - 3 = -q*i. What is the units digit of i?
3
Let p(n) = 14*n**2 + 4*n + 1. Let g(m) be the first derivative of -m**2/2 - 1. Let q(a) = 4*g(a) + p(a). What is the units digit of q(1)?
5
Let x(c) = 3*c**2 + 15*c - 8. What is the units digit of x(-7)?
4
Let d(w) = -w**3 + 4*w**2 + 2*w - 5. Let f(i) = -5*i + 1. Let y be f(1). Let m = y - -8. What is the units digit of d(m)?
3
Let h = -21 - -133. What is the units digit of h?
2
Let t(x) = 2*x**2 - 4*x - 6. What is the tens digit of t(6)?
4
Suppose -h + 0*n + n + 170 = 0, -4*n + 328 = 2*h. What is the hundreds digit of h?
1
What is the tens digit of (20/4 + -4)*68?
6
Suppose -675 = -3*a + 4*p - 158, -a - p = -163. What is the hundreds digit of a?
1
Let k(x) = x + 8. Let w be k(-4). Suppose -3*j = -11 - w. Suppose 5*l - 15 = 0, -j*l + 31 = 3*d + d. What is the units digit of d?
4
Let i(l) = l**2 + 8*l + 3. Let v be i(-8). Suppose -v - 22 = 5*w. What is the units digit of (-10)/(-2) + 0/w?
5
Let y(x) be the third derivative of x**5/60 - x**4/24 + x**3/3 + x**2. Let u be 3*4/(-18)*-3. What is the units digit of y(u)?
4
Suppose 0 = b + b + 5*h - 557, 0 = -2*h - 2. What is the units digit of b?
1
What is the units digit of 1345/30 + (-2)/(-12)?
5
Suppose -3*y = 2*y - 4*p + 106, -34 = y - 4*p. Let l be 4/y - 4/(-18). Suppose -u = 5*x - 1, l = -3*u - 6*x + 3*x + 27. What is the units digit of u?
1
Suppose 5*f + 0*f + 1140 = 0. What is the units digit of (-4)/14 - f/14?
6
Let r(k) = 4*k**2 - 5*k + 4. What is the units digit of r(2)?
0
Suppose -5*k = -k + 28. Let i(d) = 3*d**2 + 10*d + 3. Let q be i(k). What is the units digit of 12/10*q/12?
8
Let m be 3 - -1*(20 + 2). Suppose 3*y - 36 = 2*o + 23, m = 5*o. What is the units digit of y?
3
Let q(j) = j + 5. Let o be q(-9). What is the units digit of o/6 + 116/12?
9
Let m be -5*-1*(-2 - -3). Suppose 0 = 4*n, m*b + 2*n = -0*n + 5. Suppose 0 = x - 0*x - b. What is the units digit of x?
1
Suppose 0 = 2*k - 3*k. Let d = 3 + k. Let t = 4 - d. What is the units digit of t?
1
Suppose 4*u - 2*x - 2*x = 16, 0 = -5*u + 4*x + 22. What is the units digit of 152/u*6/4?
8
Suppose -3*n = -2*n + 5*m - 1, 0 = -4*m - 4. Let w be -2 + n + -1 + 2. What is the units digit of 15/(-6)*(-18)/w?
9
Let w = 7 - -233. What is the tens digit of w?
4
Let o(g) be the first derivative of g**5/60 + g**4/6 + g**3/3 - g**2/2 - 1. Let a(m) be the second derivative of o(m). What is the units digit of a(-4)?
2
Let s(v) = -v**2 + 13*v - 8. What is the units digi